{"id":258,"date":"2015-06-12T13:31:51","date_gmt":"2015-06-12T11:31:51","guid":{"rendered":"http:\/\/smdc.uniud.it\/smdc\/?page_id=258"},"modified":"2015-06-12T13:31:51","modified_gmt":"2015-06-12T11:31:51","slug":"privacy-2","status":"publish","type":"page","link":"http:\/\/smdc.uniud.it\/smdc\/privacy-2\/","title":{"rendered":"Privacy"},"content":{"rendered":"\n<h3 class=\"wp-block-heading\">1. Premessa<\/h3>\n\n\n\n<p>Ai sensi dell&#8217;art. 13 del D.Lgs. n. 196\/2003 &#8211; \u201cCodice in materia di protezione dei dati personali\u201d (di seguito denominato \u201cCodice\u201d), la\/il (nome titolare), in qualit\u00e0 di \u201cTitolare\u201d del trattamento, \u00e8 tenuto a fornirle informazioni in merito all&#8217;utilizzo dei suoi dati personali.<\/p>\n\n\n\n<h3 class=\"wp-block-heading\">2. Fonte dei dati personali<\/h3>\n\n\n\n<p>La raccolta dei suoi dati personali viene effettuata registrando i dati da lei stesso forniti, in qualit\u00e0 di interessato, al momento della registrazione al Forum di discussione.<\/p>\n\n\n\n<h3 class=\"wp-block-heading\">3. Finalit\u00e0 del trattamento<\/h3>\n\n\n\n<p>I dati personali sono trattati per le seguenti finalit\u00e0:<br>1. Possibilit\u00e0 di accedere all&#8217;area back-end del portale SMDC Lab;<br>2. Evitare eventuali accessi non autorizzati alla piattaforma.<\/p>\n\n\n\n<h3 class=\"wp-block-heading\">4. Modalit\u00e0 di trattamento dei dati<\/h3>\n\n\n\n<p>In relazione alle finalit\u00e0 descritte, il trattamento dei dati personali avviene mediante strumenti manuali, informatici e telematici con logiche strettamente correlate alle finalit\u00e0 sopra evidenziate e, comunque, in modo da garantire la sicurezza e la riservatezza dei dati stessi. Adempiute le finalit\u00e0 prefissate, i dati verranno cancellati o trasformati in forma anonima.<\/p>\n\n\n\n<h3 class=\"wp-block-heading\">5. Facoltativit\u00e0 del conferimento dei dati<\/h3>\n\n\n\n<p>Il conferimento dei dati \u00e8 facoltativo, ma in mancanza non sar\u00e0 possibile registrarsi o inviare email attraverso l&#8217;utilizzo del suddetto sito SMDC Lab.<\/p>\n\n\n\n<h3 class=\"wp-block-heading\">6. Categorie di soggetti ai quali i dati possono essere comunicati o che possono venirne a conoscenza in qualit\u00e0 di Responsabili o Incaricati<\/h3>\n\n\n\n<p>I suoi dati personali potranno essere conosciuti esclusivamente dagli amministratori del sito web, individuati quali Incaricati del trattamento. I dati inseriti nel sito web SMDC Lab, non verranno mai forniti a societ\u00e0 terze.<\/p>\n\n\n\n<h3 class=\"wp-block-heading\">7. Diritti dell&#8217;interessato<\/h3>\n\n\n\n<p>La informiamo, infine, che la normativa in materia di protezione dei dati personali conferisce agli Interessati la possibilit\u00e0 di esercitare specifici diritti, in base a quanto indicato all\u2019art. 7 del \u201cCodice\u201d che qui si riporta:<\/p>\n\n\n\n<ol class=\"wp-block-list\"><li>L\u2019interessato ha diritto di ottenere la conferma dell\u2019esistenza o meno di dati personali che lo riguardano, anche se non ancora registrati, e la loro comunicazione in forma intelligibile.<\/li><li>L\u2019interessato ha diritto di ottenere l\u2019indicazione:<ol><li>dell&#8217;origine dei dati personali;<\/li><li>delle finalit\u00e0 e modalit\u00e0 del trattamento;<\/li><li>della logica applicata in caso di trattamento effettuato con l\u2019ausilio di strumenti elettronici;<\/li><li>degli estremi identificativi del titolare, dei responsabili e del rappresentante designato ai sensi dell\u2019art. 5, comma 2;<\/li><li>dei soggetti o delle categorie di soggetti ai quali i dati personali possono essere comunicati o che possono venirne a conoscenza in qualit\u00e0 di rappresentante designato nel territorio dello Stato, di responsabili o incaricati<\/li><\/ol><\/li><li>L\u2019interessato ha diritto di ottenere:<ol><li>l\u2019aggiornamento, la rettificazione ovvero, quando vi ha interesse, l\u2019integrazione dei dati;<\/li><li>la cancellazione, la trasformazione in forma anonima o il blocco dei dati trattati in violazione di legge, compresi quelli di cui non \u00e8 necessaria la conservazione in relazione agli scopi per i quali i dati sono stati raccolti o successivamente trattati;<\/li><li>l\u2019attestazione che le operazioni di cui alle lettere a. e b. sono state portate a conoscenza, anche per quanto riguarda il loro contenuto, di coloro ai quali i dati sono stati comunicati o diffusi, eccettuato il caso in cui tale adempimento si rivela impossibile o comporta un impiego di mezzi manifestamente sproporzionato rispetto al diritto tutelato.<\/li><\/ol><\/li><li>L\u2019interessato ha diritto di opporsi, in tutto o in parte:<ol><li>per motivi legittimi al trattamento dei dati personali che lo riguardano, ancorch\u00e8 pertinenti allo scopo della raccolta;<\/li><li>al trattamento di dati personali che lo riguardano a fini di invio di materiale pubblicitario o di vendita diretta o per il compimento di ricerche di mercato o di comunicazione commerciale.<\/li><\/ol><\/li><\/ol>\n\n\n\n<h3 class=\"wp-block-heading\">8. Titolare e Responsabili del trattamento<\/h3>\n\n\n\n<p>Il Titolare del trattamento dei dati personali di cui alla presente Informativa \u00e8 l&#8217;amministratore di SMDC Lab. Lo stesso \u00e8 responsabile del riscontro, in caso di esercizio dei diritti sopra descritti. Al fine di semplificare le modalit\u00e0 di inoltro e ridurre i tempi per il riscontro si invita a presentare le richieste, di cui al precedente paragrafo, all&#8217;amministratore, contattandolo all\u2019indirizzo email mizzaro(at)uniud[dot]it<\/p>\n","protected":false},"excerpt":{"rendered":"<p>1. Premessa Ai sensi dell&#8217;art. 13 del D.Lgs. n. 196\/2003 &#8211; \u201cCodice in materia di protezione dei dati personali\u201d (di seguito denominato \u201cCodice\u201d), la\/il (nome titolare), in qualit\u00e0 di \u201cTitolare\u201d del trattamento, \u00e8 tenuto a fornirle informazioni in merito all&#8217;utilizzo dei suoi dati personali. 2. Fonte dei dati personali La raccolta dei suoi dati personali&hellip; <a class=\"more-link\" href=\"http:\/\/smdc.uniud.it\/smdc\/privacy-2\/\">Continua a leggere <span class=\"screen-reader-text\">Privacy<\/span><\/a><\/p>\n","protected":false},"author":2,"featured_media":0,"parent":0,"menu_order":0,"comment_status":"closed","ping_status":"closed","template":"","meta":{"footnotes":""},"class_list":["post-258","page","type-page","status-publish","hentry","entry"],"_links":{"self":[{"href":"http:\/\/smdc.uniud.it\/smdc\/wp-json\/wp\/v2\/pages\/258","targetHints":{"allow":["GET"]}}],"collection":[{"href":"http:\/\/smdc.uniud.it\/smdc\/wp-json\/wp\/v2\/pages"}],"about":[{"href":"http:\/\/smdc.uniud.it\/smdc\/wp-json\/wp\/v2\/types\/page"}],"author":[{"embeddable":true,"href":"http:\/\/smdc.uniud.it\/smdc\/wp-json\/wp\/v2\/users\/2"}],"replies":[{"embeddable":true,"href":"http:\/\/smdc.uniud.it\/smdc\/wp-json\/wp\/v2\/comments?post=258"}],"version-history":[{"count":0,"href":"http:\/\/smdc.uniud.it\/smdc\/wp-json\/wp\/v2\/pages\/258\/revisions"}],"wp:attachment":[{"href":"http:\/\/smdc.uniud.it\/smdc\/wp-json\/wp\/v2\/media?parent=258"}],"curies":[{"name":"wp","href":"https:\/\/api.w.org\/{rel}","templated":true}]}}